t g = -15 - s. What is the tens digit of g?
1
Suppose 4*r + 4 = 16. Suppose u + 6 = r*u. What is the units digit of u?
3
Suppose 3*m = -2*m + 40. Let b = 1 + m. What is the units digit of b?
9
Suppose 12 = -3*k, 2*t + 0*k = k + 14. What is the units digit of 0 + 2/(-3 + t)?
1
Let x = 616 - 221. Suppose 4*j = -c + 325, j = 6*j - c - x. What is the units digit of 12/42 - j/(-14)?
6
Suppose -2 - 2 = 3*r - 5*d, 0 = 3*d + 12. Let z(n) = -n**3 - 7*n**2 + 4*n + 3. What is the tens digit of z(r)?
3
Let h(j) = j**2 + 9*j - 7. What is the units digit of h(-12)?
9
Let d(w) = w**3 - 12*w**2 + 2*w + 9. What is the units digit of d(12)?
3
Suppose -2*r = -6*r + 196. What is the tens digit of r?
4
Suppose 3*q = 3 + 9. Suppose -4*g + q*t = 0, t - 2 - 10 = -5*g. What is the units digit of g?
2
Let y(g) = -g**3 + g**2 + 5*g - 3. Let n be y(3). Let f be (-4)/n*(9 - 3). Let l = 10 - f. What is the units digit of l?
6
Suppose 4*z - 16 = -4. Suppose 3*d = -5*v + 13, z*d - 4*v - 41 = -2*v. What is the units digit of d?
1
Let t(m) = 29*m - 13. Let v(u) = -15*u + 7. Let c(x) = 6*t(x) + 11*v(x). Let r be c(1). What is the units digit of r/16 + 38/4?
0
Suppose -4*v + 2*v = -12. What is the units digit of v?
6
Let j = -5 + 6. Let y(o) = 7*o - 8*o - 5 + j + o**2. What is the units digit of y(3)?
2
What is the units digit of 4 + (0/2 - -16)?
0
Let s = -24 + 27. What is the units digit of s?
3
Let b(a) = a**2 - 5*a + 4. Let u be b(5). Suppose -u*c + 0*c = -3*s - 79, -c + 3*s + 22 = 0. What is the tens digit of c?
1
Suppose -13 = -3*z - 4*k, -2*k + 1 = z - 4. Suppose -d - 36 = -z*d. What is the tens digit of d?
1
Let w = 0 - -3. Let k(z) = -z**3 + 5*z**2 - 3*z - 1. What is the units digit of k(w)?
8
Let o(y) = -3*y**2 + 4*y + 9. Let d(r) = 2*r - 5*r - 9 + 3*r**2 + r**2. Let j(f) = -4*d(f) - 5*o(f). What is the units digit of j(-6)?
3
Suppose 76*r = 81*r - 575. What is the units digit of r?
5
Let w be ((-3)/(-5) - 1)*5. Let r be 1 - (w + 2) - 0. Suppose -a = -4 - r. What is the units digit of a?
5
Let d = 6 - 3. Suppose -p - 39 = -d*r, 5*r + p - 52 = r. What is the units digit of r?
3
Suppose 3*d - 9 + 0 = 0. What is the units digit of ((-22)/4)/(d/(-12))?
2
Let k = 16 + 7. Suppose k + 13 = 3*i. What is the units digit of i?
2
Suppose c + 26 = 2*c. What is the tens digit of c?
2
Let z be 6/(-27) + 34/(-9). Let n(f) = f**2 + 2*f + 1. Let a be n(z). Suppose -5*g + 2*g = -a. What is the units digit of g?
3
Let p = -7 + 13. Let c(w) = -w**3 + 8*w**2 - 8*w - 6. Let u be c(p). Suppose 3*a = 3*x + 6, 2*x + 4 - u = -a. What is the units digit of a?
6
Let t(w) = 3*w**3 + 17*w**2 - 12*w - 8. Let s(k) = k**3 + k + 1. Let b(u) = 4*s(u) - t(u). What is the tens digit of b(16)?
1
Suppose -4*u - u = -90. Let m = u - -3. Suppose -9 = 4*d - m. What is the units digit of d?
3
Suppose 24 = -5*r - 3*g, -4*g + 14 - 6 = 0. Let y be 0*((-15)/r)/5. What is the units digit of 1 + y/(-3) + 2?
3
Let g(l) = l**2 + 2*l + 3. Let s be g(-3). Let n be s/9 + (-1)/(-3). What is the units digit of (1 + n)*2/4?
1
Let m(x) be the first derivative of -x - 5/2*x**2 + 2. What is the units digit of m(-1)?
4
Suppose 0*d - 4*d = 24. Let r(w) = w**2 - w + 3. Let s be r(3). What is the units digit of 66/s - 4/d?
8
Suppose 0 = -2*w + 4*b + 2 - 10, -w - 4*b = -14. Suppose 5*u = 2*o + 3*o + 15, w*u = -2*o + 26. What is the units digit of u?
8
Let m(n) = 7*n**2 - 3*n - 2. Let f be m(-3). Let a be 1/2 + f/4. Suppose 3*c - 5*v - a = -0*v, 6 = c - 3*v. What is the units digit of c?
6
Let u(w) = w - 3. Let y be 2 + 0 + (1 - 1). Suppose 0 = -y*q + 6 + 6. What is the units digit of u(q)?
3
Let s(i) = i**2 + 2*i - 10. Let g be s(-5). Suppose v = 3*o - 3*v - 57, g*o - 2*v - 81 = 0. What is the units digit of o?
5
Let l(g) = 4*g - 22. Let m(c) = c - 7. Let a(o) = -2*l(o) + 7*m(o). What is the units digit of a(-7)?
2
Let h(d) = d**3 - 7*d**2 - 9*d + 10. Let j be h(8). Let x = -2 + j. Suppose 0 = z - x*z - 4. What is the units digit of z?
4
Let h(a) = a**3 - 14*a**2 - 15*a + 21. What is the tens digit of h(15)?
2
Let d = 4 + -4. Suppose 2*s - 6*s + 8 = d. What is the units digit of s?
2
Let a = 10 + 11. What is the tens digit of a?
2
Let j(d) = -5 - 3 - 2*d + 4. Let h = 9 + -15. What is the units digit of j(h)?
8
Let y(t) be the first derivative of -t**4/4 + 5*t**3/3 + 4*t**2 - 10*t + 7. What is the tens digit of y(5)?
3
Suppose 0*z = -3*z - 702. What is the tens digit of 3/4 + z/(-8)?
3
Let l = 30 + 70. What is the units digit of l?
0
Suppose -5*k = 12 + 3, 4*y - 2*k - 30 = 0. Suppose 12 = 2*j - y. What is the units digit of j?
9
Suppose 0 = 3*p - 7*p. Suppose p = -0*i - 5*i + 25. What is the units digit of i?
5
Let b be (2/(-3))/(4/(-18)). Suppose 15 = 4*p - 5*t, -2*p + 2*t = 6*t - 40. Suppose 2*a = b*a + 2, -a + p = 3*o. What is the units digit of o?
4
Let h be -3*6/(36/(-310)). Suppose -4*c = c - h. What is the tens digit of c?
3
Let p be (-12)/(-5) - 4/10. Suppose 0 = 2*u - 3*u + p. Suppose 2*y - 5 = 3*y, -u*y = f + 3. What is the units digit of f?
7
Let c(q) = -133*q**3 - q**2 + q + 1. What is the hundreds digit of c(-1)?
1
Suppose -7*z + z + 504 = 0. What is the units digit of z?
4
Let c(v) = -v**3 - 3*v**2 - 6*v - 5. What is the units digit of c(-4)?
5
Let u = -27 - -7. Let b = u + 33. What is the tens digit of b?
1
Suppose -5*t - 16 = -w, 4*t - 65 = -3*w + 2*t. What is the tens digit of w?
2
Suppose -4*l = -3*l. Suppose -x + 4 + l = 0. What is the units digit of x?
4
Let f(d) = d**3 + 7*d**2 + d + 4. Let s = 6 + -13. Let m be f(s). What is the units digit of (-8)/12*m*3?
6
Let f be (3 - 0/(-3))*1. Let j be 3*-3*(-1)/f. Suppose -2*i + 3*w = -6*i + 14, -9 = -j*i - 3*w. What is the units digit of i?
5
What is the tens digit of 86/4 - (-3)/(-6)?
2
Let n(j) = -3*j - 5. What is the units digit of n(-6)?
3
Let l(i) be the second derivative of -i**3/6 - i**2 + 3*i. What is the units digit of l(-7)?
5
Let a = 2 + 0. Let y(i) = -i**3 + 3*i**2 - 4*i + 3. Let x be y(a). What is the units digit of ((-21)/3)/(x + 0)?
7
What is the units digit of (-2704)/(-18) - 6/27?
0
Suppose 5*g = -0*g + 10. Suppose 0 = -g*m + 37 - 13. What is the tens digit of m?
1
What is the units digit of 30 + (-6)/8 + (-21)/(-12)?
1
Let a(v) = -v**3 + 12*v**2 - 11*v + 13. Let g(u) = -u**3 + 2*u**2 + 3*u + 1. Let y be g(-2). What is the units digit of a(y)?
3
Let k = -7 + 11. Suppose 90 = -7*z + 10*z. Suppose -k*y - y = -z. What is the units digit of y?
6
Let f(b) be the third derivative of -1/3*b**3 + 0 + 5/24*b**4 + 0*b - b**2. What is the units digit of f(2)?
8
Let h(x) = 2*x - 11. Let l be h(9). Let u(n) = n**2 - 4*n - 9. What is the tens digit of u(l)?
1
Suppose 0 = -3*f + s - 22, 4 + 7 = -f + 4*s. Let q = 9 + f. What is the units digit of q?
2
Let n(s) = -5*s**2 - 4*s + 7. Let z(u) = -10*u**2 - 9*u + 15. Let c(b) = -13*n(b) + 6*z(b). Let y = 9 - 7. What is the tens digit of c(y)?
1
Suppose -5*h - 6 + 76 = 0. Suppose 2*i = 4*l + 24, 3*l + h - 31 = -2*i. What is the tens digit of i?
1
What is the tens digit of 4 - -1*(11 - 1)?
1
Let l(x) = -x**3 - 7*x**2 + 2*x - 10. What is the tens digit of l(-8)?
3
Let c = -56 + 81. Suppose -5*y + c = 0, y - 3*y - 22 = -2*l. What is the units digit of l?
6
Let r(b) = -9*b - 11. What is the tens digit of r(-5)?
3
Let n(x) = 2*x**2 - 2*x + 1. Let c be n(1). Let u(p) = c + 6*p + 2 + 4 - 5*p. What is the tens digit of u(10)?
1
Let y(b) = -b - 2. Let t be y(-5). Suppose 80 = t*j - 2*d, -j + 1 = d - 24. What is the tens digit of j?
2
Suppose 0*s + 4*s - 10 = -o, 5*s - 23 = -3*o. Let j be (0 + 8/o)*3. Suppose 3*f + 5*n = 10, f + j*n = 2*n + 2. What is the units digit of f?
0
Suppose -3*g - 20 = -7*g + 2*q, 2*q - 10 = -g. Suppose -p = -g + 4. Suppose p*i = 4*u - 0*u - 10, -5*i + 30 = u. What is the units digit of u?
5
Suppose -50 = 2*n - 3*z + z, 45 = -2*n + z. What is the units digit of n*(2 + (-18)/8)?
5
Let n = -1 + 13. What is the tens digit of n?
1
What is the hundreds digit of 6 - 3 - 2 - -117?
1
Suppose 4*s + 4*i = -48, 4*i - 34 = 2*s + i. Let f = s - -25. Suppose b - 2*h = -0*b + f, -3*h = b - 6. What is the units digit of b?
9
Suppose 6*o - 2 = 5*o. Suppose -o*u = -4*u + 56. What is the units digit of u?
8
Suppose -4*p - p + 75 = 0. Let y = 29 - p. What is the units digit of y?
4
Let o(c) = 3*c**2 - 17*c - 19. Let y(g) = -